1
What are the prime factors of 93651?
3, 19, 31, 53
List the prime factors of 764.
2, 191
What are the prime factors of 8613?
3, 11, 29
What are the prime factors of 4209?
3, 23, 61
List the prime factors of 5243.
7, 107
List the prime factors of 153636.
2, 3, 7, 31, 59
What are the prime factors of 1383?
3, 461
What are the prime factors of 102627?
3, 7, 181
List the prime factors of 210352.
2, 13147
What are the prime factors of 642?
2, 3, 107
What are the prime factors of 2019?
3, 673
List the prime factors of 150.
2, 3, 5
What are the prime factors of 230?
2, 5, 23
What are the prime factors of 1177?
11, 107
What are the prime factors of 389?
389
List the prime factors of 23345.
5, 7, 23, 29
List the prime factors of 67371.
3, 17, 1321
What are the prime factors of 12231?
3, 151
What are the prime factors of 35135?
5, 7027
List the prime factors of 7204.
2, 1801
What are the prime factors of 85263?
3, 97, 293
List the prime factors of 763.
7, 109
What are the prime factors of 6747?
3, 13, 173
List the prime factors of 1852.
2, 463
What are the prime factors of 2601?
3, 17
List the prime factors of 5734.
2, 47, 61
List the prime factors of 1715.
5, 7
What are the prime factors of 28144?
2, 1759
What are the prime factors of 25922?
2, 13, 997
What are the prime factors of 11456?
2, 179
List the prime factors of 23071.
23071
What are the prime factors of 1540?
2, 5, 7, 11
What are the prime factors of 14296?
2, 1787
What are the prime factors of 56064?
2, 3, 73
List the prime factors of 2996.
2, 7, 107
List the prime factors of 3552.
2, 3, 37
List the prime factors of 69219.
3, 7691
What are the prime factors of 29834?
2, 7, 2131
List the prime factors of 7190.
2, 5, 719
List the prime factors of 392.
2, 7
List the prime factors of 201.
3, 67
What are the prime factors of 60489?
3, 11, 13, 47
List the prime factors of 36843.
3, 12281
List the prime factors of 67894.
2, 83, 409
What are the prime factors of 1363?
29, 47
List the prime factors of 1176.
2, 3, 7
What are the prime factors of 17192?
2, 7, 307
List the prime factors of 235.
5, 47
What are the prime factors of 60456?
2, 3, 11, 229
List the prime factors of 2264.
2, 283
List the prime factors of 3395.
5, 7, 97
What are the prime factors of 20237?
7, 59
List the prime factors of 46986.
2, 3, 41, 191
What are the prime factors of 4849?
13, 373
What are the prime factors of 41567?
197, 211
What are the prime factors of 2323?
23, 101
List the prime factors of 41748.
2, 3, 7, 71
List the prime factors of 1846.
2, 13, 71
List the prime factors of 1440.
2, 3, 5
List the prime factors of 3789.
3, 421
What are the prime factors of 3632?
2, 227
List the prime factors of 969.
3, 17, 19
What are the prime factors of 9586?
2, 4793
What are the prime factors of 2851?
2851
List the prime factors of 2527.
7, 19
What are the prime factors of 3971?
11, 19
What are the prime factors of 1857?
3, 619
List the prime factors of 16411.
16411
List the prime factors of 10270.
2, 5, 13, 79
What are the prime factors of 1507?
11, 137
What are the prime factors of 35523?
3, 3947
What are the prime factors of 62?
2, 31
What are the prime factors of 761?
761
List the prime factors of 203803.
23, 8861
What are the prime factors of 5317?
13, 409
What are the prime factors of 2640?
2, 3, 5, 11
List the prime factors of 53854.
2, 26927
What are the prime factors of 130892?
2, 43, 761
List the prime factors of 2488.
2, 311
What are the prime factors of 1964?
2, 491
List the prime factors of 14410.
2, 5, 11, 131
List the prime factors of 7550.
2, 5, 151
List the prime factors of 49794.
2, 3, 43, 193
List the prime factors of 5214.
2, 3, 11, 79
List the prime factors of 105359.
105359
What are the prime factors of 1404?
2, 3, 13
List the prime factors of 634.
2, 317
List the prime factors of 205.
5, 41
What are the prime factors of 40316?
2, 10079
What are the prime factors of 13966?
2, 6983
What are the prime factors of 303?
3, 101
List the prime factors of 3533.
3533
What are the prime factors of 13503?
3, 7, 643
List the prime factors of 35443.
23, 67
List the prime factors of 1153.
1153
What are the prime factors of 17565?
3, 5, 1171
List the prime factors of 528.
2, 3, 11
What are the prime factors of 16269?
3, 11, 17, 29
List the prime factors of 59059.
7, 11, 13, 59
List the prime factors of 1602.
2, 3, 89
List the prime factors of 3097.
19, 163
What are the prime factors of 37908?
2, 3, 13
What are the prime factors of 48710?
2, 5, 4871
List the prime factors of 755.
5, 151
List the prime factors of 20388.
2, 3, 1699
What are the prime factors of 117548?
2, 29387
What are the prime factors of 2048?
2
What are the prime factors of 12235?
5, 2447
What are the prime factors of 16777?
19, 883
List the prime factors of 738.
2, 3, 41
List the prime factors of 373.
373
List the prime factors of 9281.
9281
List the prime factors of 1149.
3, 383
What are the prime factors of 53011?
7, 7573
What are the prime factors of 1949?
1949
What are the prime factors of 1021?
1021
What are the prime factors of 4105?
5, 821
List the prime factors of 1187.
1187
List the prime factors of 11586.
2, 3, 1931
List the prime factors of 451.
11, 41
What are the prime factors of 594?
2, 3, 11
What are the prime factors of 27546?
2, 3, 4591
What are the prime factors of 2097?
3, 233
List the prime factors of 3481.
59
List the prime factors of 13240.
2, 5, 331
List the prime factors of 1437.
3, 479
What are the prime factors of 12785?
5, 2557
What are the prime factors of 41742?
2, 3, 773
List the prime factors of 837.
3, 31
List the prime factors of 358.
2, 179
List the prime factors of 812.
2, 7, 29
What are the prime factors of 198?
2, 3, 11
List the prime factors of 3628.
2, 907
What are the prime factors of 2694?
2, 3, 449
List the prime factors of 6378.
2, 3, 1063
List the prime factors of 8162.
2, 7, 11, 53
What are the prime factors of 21490?
2, 5, 7, 307
What are the prime factors of 26818?
2, 11, 23, 53
What are the prime factors of 1855?
5, 7, 53
List the prime factors of 172.
2, 43
List the prime factors of 2770.
2, 5, 277
What are the prime factors of 37294?
2, 29, 643
List the prime factors of 1761.
3, 587
List the prime factors of 298.
2, 149
List the prime factors of 71764.
2, 7, 11, 233
What are the prime factors of 24608?
2, 769
What are the prime factors of 41415?
3, 5, 11, 251
What are the prime factors of 3765?
3, 5, 251
List the prime factors of 49059.
3, 23, 79
List the prime factors of 18855.
3, 5, 419
What are the prime factors of 8178?
2, 3, 29, 47
What are the prime factors of 67?
67
What are the prime factors of 61151?
61151
What are the prime factors of 1982?
2, 991
List the prime factors of 9705.
3, 5, 647
What are the prime factors of 15237?
3, 1693
List the prime factors of 1761.
3, 587
What are the prime factors of 9012?
2, 3, 751
List the prime factors of 757.
757
What are the prime factors of 44007?
3, 14669
List the prime factors of 2430.
2, 3, 5
List the prime factors of 1094.
2, 547
List the prime factors of 2181.
3, 727
List the prime factors of 154686.
2, 3, 7, 29, 127
List the prime factors of 942.
2, 3, 157
List the prime factors of 2476.
2, 619
List the prime factors of 53096.
2, 6637
What are the prime factors of 2938?
2, 13, 113
List the prime factors of 4223.
41, 103
What are the prime factors of 22619?
22619
List the prime factors of 14932.
2, 3733
List the prime factors of 21120.
2, 3, 5, 11
What are the prime factors of 3885?
3, 5, 7, 37
What are the prime factors of 22203?
3, 2467
What are the prime factors of 122382?
2, 3, 13, 523
List the prime factors of 77867.
77867
List the prime factors of 87798.
2, 3, 14633
List the prime factors of 8120.
2, 5, 7, 29
What are the prime factors of 19321?
139
List the prime factors of 52260.
2, 3, 5, 13, 67
What are the prime factors of 32873?
71, 463
What are the prime factors of 1349?
19, 71
What are the prime factors of 326?
2, 163
List the prime factors of 1511.
1511
What are the prime factors of 40433?
40433
What are the prime factors of 1075?
5, 43
What are the prime factors of 7553?
7, 13, 83
List the prime factors of 7422.
2, 3, 1237
List the prime factors of 15745.
5, 47, 67
What are the prime factors of 99508?
2, 24877
List the prime factors